{"id":127,"date":"2022-01-18T17:29:15","date_gmt":"2022-01-18T16:29:15","guid":{"rendered":"http:\/\/localhost\/peritec\/?page_id=127"},"modified":"2025-08-05T21:32:45","modified_gmt":"2025-08-05T20:32:45","slug":"nyheter-event","status":"publish","type":"page","link":"https:\/\/clmogarage.com\/index.php\/sv\/nyheter-event\/","title":{"rendered":"Nyheter &#038; event"},"content":{"rendered":"\n<div class=\"wp-block-query is-layout-flow wp-block-query-is-layout-flow\"><ul class=\"wp-block-post-template is-layout-flow wp-block-post-template-is-layout-flow\"><li class=\"wp-block-post post-2272 post type-post status-publish format-standard hentry category-nyheter-och-event entry\">\n\n<div class=\"wp-block-group\" style=\"padding-top:30px;padding-bottom:0px\"><div class=\"wp-block-group__inner-container is-layout-constrained wp-block-group-is-layout-constrained\">\n<div class=\"wp-block-group has-background\" style=\"background-color:#c6b9a8\"><div class=\"wp-block-group__inner-container is-layout-constrained wp-block-group-is-layout-constrained\"><h2 class=\"wp-block-post-title\"><a href=\"https:\/\/clmogarage.com\/index.php\/sv\/2025\/08\/06\/arets-besok-pa-autoseum-3\/\" target=\"_self\" >\u00c5rets bes\u00f6k p\u00e5 Autoseum<\/a><\/h2>\n\n<div class=\"wp-block-post-date\"><time datetime=\"2025-08-06T14:35:44+01:00\">August 6, 2025<\/time><\/div><\/div><\/div>\n<\/div><\/div>\n\n<\/li><li class=\"wp-block-post post-2261 post type-post status-publish format-standard hentry category-nyheter-och-event entry\">\n\n<div class=\"wp-block-group\" style=\"padding-top:30px;padding-bottom:0px\"><div class=\"wp-block-group__inner-container is-layout-constrained wp-block-group-is-layout-constrained\">\n<div class=\"wp-block-group has-background\" style=\"background-color:#c6b9a8\"><div class=\"wp-block-group__inner-container is-layout-constrained wp-block-group-is-layout-constrained\"><h2 class=\"wp-block-post-title\"><a href=\"https:\/\/clmogarage.com\/index.php\/sv\/2025\/08\/05\/tullproblematik-vid-import-av-delar-och-hela-objekt-fran-lander-utanfor-eu\/\" target=\"_self\" >Tullproblematik vid import av delar och hela objekt fr\u00e5n l\u00e4nder utanf\u00f6r EU<\/a><\/h2>\n\n<div class=\"wp-block-post-date\"><time datetime=\"2025-08-05T21:19:13+01:00\">August 5, 2025<\/time><\/div><\/div><\/div>\n<\/div><\/div>\n\n<\/li><\/ul><\/div>\n","protected":false},"excerpt":{"rendered":"","protected":false},"author":2,"featured_media":0,"parent":0,"menu_order":0,"comment_status":"closed","ping_status":"closed","template":"","meta":{"footnotes":""},"class_list":["post-127","page","type-page","status-publish","hentry","entry"],"aioseo_notices":[],"_links":{"self":[{"href":"https:\/\/clmogarage.com\/index.php\/wp-json\/wp\/v2\/pages\/127","targetHints":{"allow":["GET"]}}],"collection":[{"href":"https:\/\/clmogarage.com\/index.php\/wp-json\/wp\/v2\/pages"}],"about":[{"href":"https:\/\/clmogarage.com\/index.php\/wp-json\/wp\/v2\/types\/page"}],"author":[{"embeddable":true,"href":"https:\/\/clmogarage.com\/index.php\/wp-json\/wp\/v2\/users\/2"}],"replies":[{"embeddable":true,"href":"https:\/\/clmogarage.com\/index.php\/wp-json\/wp\/v2\/comments?post=127"}],"version-history":[{"count":27,"href":"https:\/\/clmogarage.com\/index.php\/wp-json\/wp\/v2\/pages\/127\/revisions"}],"predecessor-version":[{"id":2268,"href":"https:\/\/clmogarage.com\/index.php\/wp-json\/wp\/v2\/pages\/127\/revisions\/2268"}],"wp:attachment":[{"href":"https:\/\/clmogarage.com\/index.php\/wp-json\/wp\/v2\/media?parent=127"}],"curies":[{"name":"wp","href":"https:\/\/api.w.org\/{rel}","templated":true}]}}